-3*s + g = 4*p - 0*p, -2*s - 36 = -4*p. What is the units digit of p?
7
Let y(v) = 8 + 2*v - 4*v - 8. What is the units digit of y(-2)?
4
Suppose m = 3*t + 37 + 230, -5*m + t = -1349. What is the tens digit of m?
7
Let l be 1 - ((-1 - 0) + -1). Suppose 2 = 5*m - l. What is the units digit of (3 - m) + (3 - 3)?
2
Suppose 2 = -m - 2*h, -2*h = -2 + 4. Suppose m = f + 2*f - 9. Suppose 0 = f*c, 0*c = -3*w - 2*c + 15. What is the units digit of w?
5
Suppose g - 3*s = -2*s + 45, 5*s = -g + 45. What is the units digit of g?
5
Let b(p) = p - 3. Let z be b(-9). What is the tens digit of 2/8 - 189/z?
1
What is the units digit of 76 - 1*(2 + -3)*-2?
4
Let n(h) = -h**3 - h**2 - h - 18. Let g be n(0). Let d = g - -42. What is the tens digit of d?
2
Let p = -24 + 25. What is the units digit of (-1)/(p - 54/52)?
6
Let i = 9 - 6. Suppose -4*v + 81 = i*t, 103 = 5*t - 0*t - 4*v. What is the units digit of t?
3
Suppose -2*f = -3*f + 110. Let h be f/25 - (-2)/(-5). Suppose 14 = h*k - 10. What is the units digit of k?
6
Let b(v) = 9*v - 1. Suppose -2*z + z + q = 0, 1 = -2*z + 3*q. What is the units digit of b(z)?
8
Suppose 4*c = -c + 25. What is the units digit of c?
5
Let f(j) = -j**2 - 14*j + 4. Let l be f(-14). Suppose l*x = -5*d + 103 - 33, 10 = -5*d. What is the units digit of x?
0
Let c be 5 - (-3 - 5/(-1)). Suppose k = 2*b + 6, -c*k - 3 = 4*b - 11. What is the units digit of (-81)/(-99) + k/22?
1
Let h(i) = -25*i - 40. What is the tens digit of h(-5)?
8
Let l = 3 + -1. Suppose 0 = l*c - 4*c + 4. Suppose -4*s + k + 9 = -c*s, k = -s + 3. What is the units digit of s?
4
Suppose -37 = 4*u - 181. What is the units digit of u?
6
Let c(f) = -f + 3. Suppose -2*n = -12 - 0. Let v be c(n). Let l(z) = -2*z + 1. What is the units digit of l(v)?
7
Let k be -2 - -3 - -117 - -2. Suppose -5*q + k = -45. What is the units digit of q?
3
Let l be 0/((-4)/(-8)*4). Suppose -3*k + 7 = -2*i, 2*k + l*i = i + 6. What is the units digit of k?
5
Suppose 5*w = 19 + 26. Let g be 2/(-7) - w/(-7). Let b = 1 + g. What is the units digit of b?
2
Suppose -16 = -4*v + m + m, -5*v + 3*m = -22. Suppose v*b - 5*b = -3. What is the units digit of b?
1
Suppose 0 = -7*h + 3*h + 3*p + 465, 2*h + p - 225 = 0. What is the tens digit of h?
1
Let o = -4 + 5. Let t = 5 + o. Suppose -j = -t*j + 45. What is the units digit of j?
9
Suppose 3*u - 3*m = -2*m + 20, 5*u - 2*m = 32. Suppose -u*t = -4*t - 4, -5*l + t + 9 = 0. Suppose -l*v = v - 18. What is the units digit of v?
6
Let f = -8 + 10. Let n(t) = 2*t - 2*t**2 + 3*t**2 + 3 - 4 + t**f. What is the units digit of n(2)?
1
Let i be (-2)/(-4) + 45/18. Let n(h) = 11*h - 1 - 10*h - i*h. What is the units digit of n(-6)?
1
Let x(g) = -g**3 - 8*g**2 + 5*g - 12. Suppose 27 = -0*b - 3*b. Let h be x(b). Suppose 12 + h = 4*s. What is the units digit of s?
9
Let f(k) = k**3 - 6*k**2 + 3*k + 4. Let w be f(6). Let l = w + -52. What is the units digit of l/(-4) - (-3)/6?
8
Suppose 0 = b - 1 - 7. Suppose b = l - 3. What is the tens digit of l?
1
Let l(k) = 8*k - 1. Let j be (2 + -1)/(-2 - -3). Let g be l(j). Let n(b) = b**3 - 7*b**2 + 9. What is the units digit of n(g)?
9
What is the units digit of 9*2 - 12/6?
6
Let j(h) = -9*h**2 - h. Let c be j(-1). Let s = c - -10. Let p(m) = 4*m**2 + 2*m. What is the units digit of p(s)?
0
Let f(t) = -t**2 - 7*t - 3. Suppose -4*y = 5*s + 29, 3*s + 0 - 3 = y. Let m be 1*(y*3)/3. What is the units digit of f(m)?
3
Let b(v) = -44*v - 3. Let h be b(-2). Let d(y) = -2*y - 2. Let j be d(-3). Suppose 5*a + l - h = -j*l, l + 34 = 2*a. What is the tens digit of a?
1
Suppose -5*n = -64 - 21. Suppose 0 = 5*f + 2 - n. Suppose -q = -3*c + f*q - 8, -3*c + q = -7. What is the units digit of c?
4
Suppose g + 5*h = 80, -2*g + 2*h = -6*g + 230. What is the units digit of g?
5
Let m = 1 + 35. Suppose -m = y - 5*y. What is the units digit of y?
9
Let r(y) = -y**2 - 7*y + 7. Suppose 0 = 3*d - 5*o + 30, 0 = -5*d + 3*o - 34. What is the tens digit of r(d)?
1
Let x(v) = -6*v**2 - v + 1. Let p be x(1). Suppose 2*d = 0, -2*y + 2 - 10 = -d. Let r = y - p. What is the units digit of r?
2
Suppose 23 = -c + 2*c. What is the units digit of 3/(-3) + 1 + c?
3
Suppose 3*d = -0*d - 45. What is the units digit of 5/(d/(-9)) + 36?
9
Let d(g) = 2*g**2 + 12*g + 16. Let u be -3 - ((-1 - -4) + 1). What is the tens digit of d(u)?
3
Let w(u) = u. Let t be w(5). Suppose -2*l - 12 = -t*l. Suppose -l*c + 8 = -8. What is the units digit of c?
4
Suppose -p - 30 = 23. Let u = p - -89. What is the units digit of u?
6
Suppose 2*l - 4 = -2*f + 6*l, 2*f = 5*l. What is the tens digit of f + (-1 - -1) + 2?
1
Suppose -5 = 3*w - 89. Suppose 5*z - w = -2*p, p - 14 = -4*z + z. What is the tens digit of p?
1
What is the hundreds digit of (-90)/2*(2 - 5)?
1
Let y(n) = n + 18. What is the units digit of y(-9)?
9
Let a(p) = p**2 - 1. What is the tens digit of a(8)?
6
Suppose -o - 15 = -4*s, 0 = o + s - 8 - 2. Suppose 0 = v + 1 - 9. Let i = v - o. What is the units digit of i?
3
Suppose -w + 10 = 4*w. Let y be 0 - 1/w*8. Let s = 14 + y. What is the tens digit of s?
1
Let i = -368 - -533. What is the tens digit of i?
6
Suppose 2*i - 64 = -4*d, i + 13 = -2*d + 3*d. What is the tens digit of d?
1
Let m = 17 + -12. Suppose m*j + 11 - 41 = 0. What is the units digit of 43/j - (-2)/(-12)?
7
Let n(a) = -a**3 + 4*a**2 - 2. Let v be n(2). Suppose -8 = 2*s - v*s. What is the units digit of s?
2
Let d be (-6)/9*3 + 11. Suppose -o = f + d, -f - 3*o = f + 22. Let k = 9 + f. What is the units digit of k?
4
Suppose -101 = -9*x + 70. What is the tens digit of x?
1
Let p(m) = -m**3 - 3*m**2 + 6*m + 5. Let y be p(-4). Let n be 1/(3*y/(-252)). Suppose j + n = 5*j. What is the units digit of j?
7
Let w(d) = d**3 + 11*d**2 - 15*d - 16. What is the tens digit of w(-10)?
3
Let c(w) = -w**2 + 7*w - 5. Let r be c(5). Let n = r + -1. Suppose n*i - 9 = i. What is the units digit of i?
3
Suppose -5*c - 4*m = -14 - 52, -5*m = 5. What is the tens digit of c?
1
Suppose -3*w + 0*w - 72 = -3*r, -r - 1 = 4*w. What is the tens digit of r?
1
Suppose i + 2*y + 24 = 0, 0 = 3*i - 2*y + 3 + 37. Let b be (-1)/4 - (-236)/i. What is the units digit of 0 - 1 - b/5?
2
Suppose -18*x = -912 + 30. What is the units digit of x?
9
What is the tens digit of ((-3)/4)/(1/(-88))?
6
Suppose -7*h + 2*h + 10 = 5*y, y = -2*h + 4. Let m(f) = f**3 - 2*f**2 + 3*f - 3. Let x be m(h). What is the units digit of ((-1)/x)/((-2)/12)?
2
Suppose -2*y - 2*y + 123 = 3*o, -2*y + 129 = 3*o. Suppose -2*q + x = -27, -q - q - 5*x = -o. What is the tens digit of q?
1
Let c be 3/4 - 15/(-12). Suppose c*a + 2*a = 64. Let g = a + -9. What is the units digit of g?
7
Let h(u) = 2*u - 9. Let z be h(6). Let i = -10 - -14. Suppose -w + i*q = w - 22, -z*w + 26 = q. What is the units digit of w?
9
Let l(j) be the third derivative of j**4/24 + 2*j**2. Let v = -1 - -8. What is the units digit of l(v)?
7
Let j(k) = -k**3 + 5*k**2 + 5*k + 7. Let q(o) = -o**2 + 7*o - 4. Let x be q(6). Suppose 0*y + 4*f + 4 = -x*y, -3*f = 4*y - 12. What is the units digit of j(y)?
1
Suppose 2*v - 3*p - 46 = 0, 2*v - 44 + 2 = 2*p. What is the tens digit of v?
1
Let o(y) = y**3 - 8*y**2 - 7*y - 8. Let b = 7 + 2. Let j be o(b). Suppose -2*p = 3*w - j, 0 = -2*p + 2*w - 0*w. What is the units digit of p?
2
Suppose -174 = -5*h + 876. What is the tens digit of h?
1
Let p(k) = -k + 8. Let s be p(6). Let z(y) = y**3 - y**2 - 1. What is the units digit of z(s)?
3
Let h = 5 + -3. Let k be 6/9*3 - 3. What is the units digit of 14 + (2 - (h - k))?
3
What is the units digit of 14/28 - (-302)/4?
6
Let j(p) = -6*p. Let v be j(-1). Let c(h) = -1 - 1 + 3 - 5*h - 5*h**2 + h**3 + 0*h**3. What is the units digit of c(v)?
7
Let m = 11 + -6. Suppose 0 = -m*b + b + 76. What is the tens digit of b?
1
Let g = 0 + -1. What is the units digit of 6 - g*(1 + -2)?
5
Suppose 2*i - 5 = -1. Suppose -3*l - r = -5*l + 14, 3*l = -3*r + 3. Suppose -u - i*b = -l, 0 = 5*u - b - 21 - 26. What is the units digit of u?
9
Suppose 4*m = 5 + 11. What is the units digit of m?
4
Let y = 6 + -7. Let x = 0 - y. What is the units digit of x?
1
Let b(t) = -17*t - 90. What is the tens digit of b(-11)?
9
Let y(p) = 2*p + 3. Let u(s) = s + 2. Let x(i) = 5*u(i) - 3*y(i). What is the units digit of x(-1)?
2
Let y = 38 + -25. What is the tens digit of y?
